{"id":563,"date":"2023-12-06T20:27:34","date_gmt":"2023-12-06T20:27:34","guid":{"rendered":"https:\/\/tecnologia.usfx.bo\/ita\/?page_id=563"},"modified":"2023-12-14T12:57:20","modified_gmt":"2023-12-14T12:57:20","slug":"laboratorios","status":"publish","type":"page","link":"https:\/\/tecnologia.usfx.bo\/ita\/laboratorios\/","title":{"rendered":"Laboratorios"},"content":{"rendered":"<p>[et_pb_section fb_built=\u00bb1&#8243; fullwidth=\u00bbon\u00bb _builder_version=\u00bb4.21.0&#8243; _module_preset=\u00bbdefault\u00bb custom_padding=\u00bb0px||0px||true|false\u00bb global_colors_info=\u00bb{}\u00bb][et_pb_fullwidth_image src=\u00bbhttps:\/\/tecnologia.usfx.bo\/ita\/wp-content\/uploads\/2023\/06\/franja-1.png\u00bb title_text=\u00bbfranja\u00bb _builder_version=\u00bb4.21.0&#8243; _module_preset=\u00bbdefault\u00bb global_colors_info=\u00bb{}\u00bb][\/et_pb_fullwidth_image][\/et_pb_section][et_pb_section fb_built=\u00bb1&#8243; fullwidth=\u00bbon\u00bb _builder_version=\u00bb4.22.2&#8243; _module_preset=\u00bbdefault\u00bb background_color=\u00bbRGBA(255,255,255,0)\u00bb global_colors_info=\u00bb{}\u00bb][et_pb_fullwidth_header title=\u00bbLABORATORIOS\u00bb subhead=\u00bbInstituto de Tecnolog\u00eda de Alimentos\u00bb text_orientation=\u00bbright\u00bb background_overlay_color=\u00bbRGBA(255,255,255,0)\u00bb _builder_version=\u00bb4.22.2&#8243; _module_preset=\u00bbdefault\u00bb title_font=\u00bbRoboto|||on|||||\u00bb title_font_size=\u00bb35px\u00bb subhead_font=\u00bbRoboto||on||||||\u00bb subhead_font_size=\u00bb20px\u00bb background_enable_color=\u00bboff\u00bb use_background_color_gradient=\u00bbon\u00bb background_color_gradient_stops=\u00bb#000000 43%|#ffffff 100%\u00bb background_image=\u00bbhttps:\/\/tecnologia.usfx.bo\/ita\/wp-content\/uploads\/2023\/11\/20230821_135220.jpg\u00bb background_position=\u00bbcenter_right\u00bb background_blend=\u00bbscreen\u00bb vertical_offset=\u00bb0px\u00bb height=\u00bb50vh\u00bb title_text_shadow_style=\u00bbpreset5&#8243; global_colors_info=\u00bb{}\u00bb][\/et_pb_fullwidth_header][\/et_pb_section][et_pb_section fb_built=\u00bb1&#8243; _builder_version=\u00bb4.22.2&#8243; _module_preset=\u00bbdefault\u00bb background_color=\u00bb#FFFFFF\u00bb background_enable_image=\u00bboff\u00bb background_size=\u00bbinitial\u00bb background_position=\u00bbcenter_right\u00bb background_blend=\u00bblighten\u00bb custom_padding=\u00bb10px||20px||false|false\u00bb animation_style=\u00bbfade\u00bb global_colors_info=\u00bb{}\u00bb][et_pb_row use_custom_gutter=\u00bbon\u00bb gutter_width=\u00bb2&#8243; _builder_version=\u00bb4.22.2&#8243; _module_preset=\u00bbdefault\u00bb width=\u00bb100%\u00bb max_width=\u00bb200vh\u00bb custom_padding=\u00bb20px||30px||false|false\u00bb global_colors_info=\u00bb{}\u00bb][et_pb_column type=\u00bb4_4&#8243; _builder_version=\u00bb4.22.2&#8243; _module_preset=\u00bbdefault\u00bb global_colors_info=\u00bb{}\u00bb][et_pb_text _builder_version=\u00bb4.22.2&#8243; _module_preset=\u00bbdefault\u00bb text_font=\u00bb|300|||||||\u00bb text_font_size=\u00bb16px\u00bb ul_text_align=\u00bbjustify\u00bb ul_text_color=\u00bb#FFFFFF\u00bb header_2_font_size=\u00bb35px\u00bb custom_padding=\u00bb0px|15px|0px|15px|false|true\u00bb header_2_text_shadow_style=\u00bbpreset1&#8243; global_colors_info=\u00bb{}\u00bb]<\/p>\n<h2><span style=\"color: black;\"><strong>PAR\u00c1METROS DE AN\u00c1LISIS LABORATORIOS<\/strong><\/span><\/h2>\n<p style=\"text-align: justify;\"><span style=\"color: black;\">Los laboratorios del ITA realizan sus actividades de ensayo, cumpliendo los requisitos de las normas de referencia y orientados a la satisfacci\u00f3n de las necesidades de los clientes, autoridades reguladoras y de los organismos de acreditaci\u00f3n y certificaci\u00f3n.<br \/>El Sistema de Gesti\u00f3n y Calidad se aplica a las actividades de ensayo de tercera parte realizadas en instalaciones permanentes.<br \/><\/span><\/p>\n<p>[\/et_pb_text][\/et_pb_column][\/et_pb_row][et_pb_row use_custom_gutter=\u00bbon\u00bb gutter_width=\u00bb1&#8243; _builder_version=\u00bb4.22.2&#8243; _module_preset=\u00bbdefault\u00bb width=\u00bb100%\u00bb max_width=\u00bb200vh\u00bb global_colors_info=\u00bb{}\u00bb disabled_on=\u00bbon|on|on\u00bb disabled=\u00bbon\u00bb][et_pb_column type=\u00bb4_4&#8243; _builder_version=\u00bb4.22.2&#8243; _module_preset=\u00bbdefault\u00bb custom_padding=\u00bb||||false|false\u00bb global_colors_info=\u00bb{}\u00bb][et_pb_text module_id=\u00bbambientes\u00bb _builder_version=\u00bb4.22.2&#8243; _module_preset=\u00bbdefault\u00bb text_font=\u00bb|300|||||||\u00bb text_font_size=\u00bb16px\u00bb ul_text_align=\u00bbjustify\u00bb ul_text_color=\u00bb#FFFFFF\u00bb header_2_font=\u00bb|700|||||||\u00bb header_2_font_size=\u00bb35px\u00bb custom_padding=\u00bb0px|15px|0px|15px|false|true\u00bb hover_enabled=\u00bb0&#8243; header_2_text_shadow_style=\u00bbpreset1&#8243; global_colors_info=\u00bb{}\u00bb sticky_enabled=\u00bb0&#8243;]<\/p>\n<h2><span style=\"color: black;\">MAR &#8211; Laboratorio de Medio Ambiente y Recursos Naturales<br \/><\/span><\/h2>\n<p>[\/et_pb_text][et_pb_button button_text=\u00bbDescargar Archivo\u00bb _builder_version=\u00bb4.22.2&#8243; _module_preset=\u00bbdefault\u00bb button_alignment=\u00bbcenter\u00bb custom_button=\u00bbon\u00bb button_text_size=\u00bb24px\u00bb button_border_width=\u00bb0px\u00bb button_bg_color=\u00bb#471F00&#8243; button_bg_enable_color=\u00bbon\u00bb box_shadow_style=\u00bbpreset2&#8243; button_text_color=\u00bb#FFFFFF\u00bb button_border_radius=\u00bb25px\u00bb button_font=\u00bb|800|||||||\u00bb hover_enabled=\u00bb0&#8243; sticky_enabled=\u00bb0&#8243; custom_margin=\u00bb50px||||false|false\u00bb url_new_window=\u00bbon\u00bb button_url=\u00bbhttp:\/\/usfx.bo\/Documentos\/Tarifario_MAR-2023_Costo_Total.pdf\u00bb][\/et_pb_button][\/et_pb_column][\/et_pb_row][et_pb_row use_custom_gutter=\u00bbon\u00bb gutter_width=\u00bb1&#8243; _builder_version=\u00bb4.22.2&#8243; _module_preset=\u00bbdefault\u00bb width=\u00bb100%\u00bb max_width=\u00bb200vh\u00bb global_colors_info=\u00bb{}\u00bb disabled_on=\u00bbon|on|on\u00bb disabled=\u00bbon\u00bb][et_pb_column type=\u00bb4_4&#8243; _builder_version=\u00bb4.22.2&#8243; _module_preset=\u00bbdefault\u00bb custom_padding=\u00bb||||false|false\u00bb global_colors_info=\u00bb{}\u00bb][et_pb_text module_id=\u00bbambientes\u00bb _builder_version=\u00bb4.22.2&#8243; _module_preset=\u00bbdefault\u00bb text_font=\u00bb|300|||||||\u00bb text_font_size=\u00bb16px\u00bb ul_text_align=\u00bbjustify\u00bb ul_text_color=\u00bb#FFFFFF\u00bb header_2_font=\u00bb|700|||||||\u00bb header_2_font_size=\u00bb35px\u00bb custom_padding=\u00bb0px|15px|0px|15px|false|true\u00bb hover_enabled=\u00bb0&#8243; header_2_text_shadow_style=\u00bbpreset1&#8243; global_colors_info=\u00bb{}\u00bb sticky_enabled=\u00bb0&#8243;]<\/p>\n<h2><span style=\"color: black;\">QAN Lav de Quimica de alimentos<br \/><\/span><\/h2>\n<p>[\/et_pb_text][et_pb_button button_text=\u00bbDescargar Archivo\u00bb _builder_version=\u00bb4.22.2&#8243; _module_preset=\u00bbdefault\u00bb button_alignment=\u00bbcenter\u00bb custom_button=\u00bbon\u00bb button_text_size=\u00bb24px\u00bb button_border_width=\u00bb0px\u00bb button_bg_color=\u00bb#471F00&#8243; button_bg_enable_color=\u00bbon\u00bb box_shadow_style=\u00bbpreset2&#8243; button_text_color=\u00bb#FFFFFF\u00bb button_border_radius=\u00bb25px\u00bb button_font=\u00bb|800|||||||\u00bb hover_enabled=\u00bb0&#8243; sticky_enabled=\u00bb0&#8243; custom_margin=\u00bb50px||||false|false\u00bb url_new_window=\u00bbon\u00bb button_url=\u00bbhttps:\/\/usfx.bo\/Documentos\/Tarifario_QAN-2023_Costo_Total.pdf\u00bb][\/et_pb_button][\/et_pb_column][\/et_pb_row][et_pb_row use_custom_gutter=\u00bbon\u00bb gutter_width=\u00bb1&#8243; _builder_version=\u00bb4.22.2&#8243; _module_preset=\u00bbdefault\u00bb width=\u00bb100%\u00bb max_width=\u00bb200vh\u00bb global_colors_info=\u00bb{}\u00bb disabled_on=\u00bbon|on|on\u00bb disabled=\u00bbon\u00bb][et_pb_column type=\u00bb4_4&#8243; _builder_version=\u00bb4.22.2&#8243; _module_preset=\u00bbdefault\u00bb custom_padding=\u00bb||||false|false\u00bb global_colors_info=\u00bb{}\u00bb][et_pb_text module_id=\u00bbambientes\u00bb _builder_version=\u00bb4.22.2&#8243; _module_preset=\u00bbdefault\u00bb text_font=\u00bb|300|||||||\u00bb text_font_size=\u00bb16px\u00bb ul_text_align=\u00bbjustify\u00bb ul_text_color=\u00bb#FFFFFF\u00bb header_2_font=\u00bb|700|||||||\u00bb header_2_font_size=\u00bb35px\u00bb custom_padding=\u00bb0px|15px|0px|15px|false|true\u00bb hover_enabled=\u00bb0&#8243; header_2_text_shadow_style=\u00bbpreset1&#8243; global_colors_info=\u00bb{}\u00bb sticky_enabled=\u00bb0&#8243;]<\/p>\n<h2><span style=\"color: black;\">MIC &#8211;  Laboratorio de Microbiologia<br \/><\/span><\/h2>\n<p>[\/et_pb_text][et_pb_button button_text=\u00bbDescargar Archivo\u00bb _builder_version=\u00bb4.22.2&#8243; _module_preset=\u00bbdefault\u00bb button_alignment=\u00bbcenter\u00bb custom_button=\u00bbon\u00bb button_text_size=\u00bb24px\u00bb button_border_width=\u00bb0px\u00bb button_bg_color=\u00bb#471F00&#8243; button_bg_enable_color=\u00bbon\u00bb box_shadow_style=\u00bbpreset2&#8243; button_text_color=\u00bb#FFFFFF\u00bb button_border_radius=\u00bb25px\u00bb button_font=\u00bb|800|||||||\u00bb hover_enabled=\u00bb0&#8243; sticky_enabled=\u00bb0&#8243; custom_margin=\u00bb50px||||false|false\u00bb button_url=\u00bbhttps:\/\/usfx.bo\/Documentos\/Tarifario_MIC-2023_Costo_Total.pdf\u00bb url_new_window=\u00bbon\u00bb][\/et_pb_button][\/et_pb_column][\/et_pb_row][\/et_pb_section][et_pb_section fb_built=\u00bb1&#8243; theme_builder_area=\u00bbpost_content\u00bb _builder_version=\u00bb4.22.2&#8243; _module_preset=\u00bbdefault\u00bb][et_pb_row _builder_version=\u00bb4.22.2&#8243; _module_preset=\u00bbdefault\u00bb column_structure=\u00bb1_3,1_3,1_3&#8243; theme_builder_area=\u00bbpost_content\u00bb use_custom_gutter=\u00bbon\u00bb gutter_width=\u00bb2&#8243; make_equal=\u00bbon\u00bb width=\u00bb100%\u00bb max_width=\u00bb160vh\u00bb hover_enabled=\u00bb0&#8243; sticky_enabled=\u00bb0&#8243;][et_pb_column _builder_version=\u00bb4.22.2&#8243; _module_preset=\u00bbdefault\u00bb type=\u00bb1_3&#8243; theme_builder_area=\u00bbpost_content\u00bb][et_pb_blurb title=\u00bbMAR &#8211; Laboratorio de Medio Ambiente y Recursos Naturales\u00bb _builder_version=\u00bb4.22.2&#8243; _module_preset=\u00bbdefault\u00bb theme_builder_area=\u00bbpost_content\u00bb hover_enabled=\u00bb0&#8243; sticky_enabled=\u00bb0&#8243; text_orientation=\u00bbjustified\u00bb header_font_size=\u00bb21px\u00bb header_font=\u00bb|700|||||||\u00bb body_font=\u00bb|300|||||||\u00bb use_icon=\u00bbon\u00bb font_icon=\u00bb&#xf57d;||fa||900&#8243; icon_color=\u00bb#000000&#8243; image_icon_width=\u00bb110px\u00bb box_shadow_style=\u00bbpreset2&#8243; custom_padding=\u00bb15px|15px|15px|15px|true|true\u00bb]Cuenta con un ambiente de preparaci\u00f3n de muestras de suelos, otro ambiente de preparaci\u00f3n de muestras de agua y determinaci\u00f3n de ensayos en general, sala de balanzas y dep\u00f3sito para la conservaci\u00f3n de muestras.<\/br><\/p>\n<p style=\"text-align: center;\"><a href=\"https:\/\/usfx.bo\/Documentos\/Tarifario_MAR-2023_Costo_Total.pdf\">Descargar par\u00e1metros<\/a><\/p>\n<p>[\/et_pb_blurb][\/et_pb_column][et_pb_column _builder_version=\u00bb4.22.2&#8243; _module_preset=\u00bbdefault\u00bb type=\u00bb1_3&#8243; theme_builder_area=\u00bbpost_content\u00bb][et_pb_blurb title=\u00bbQAN Lav de Quimica de alimentos\u00bb _builder_version=\u00bb4.22.2&#8243; _module_preset=\u00bbdefault\u00bb theme_builder_area=\u00bbpost_content\u00bb hover_enabled=\u00bb0&#8243; sticky_enabled=\u00bb0&#8243; text_orientation=\u00bbjustified\u00bb header_font_size=\u00bb21px\u00bb header_font=\u00bb|700|||||||\u00bb body_font=\u00bb|300|||||||\u00bb use_icon=\u00bbon\u00bb font_icon=\u00bb&#xf55c;||fa||900&#8243; icon_color=\u00bb#000000&#8243; image_icon_width=\u00bb110px\u00bb box_shadow_style=\u00bbpreset2&#8243; custom_padding=\u00bb15px|15px|15px|15px|true|true\u00bb]Est\u00e1 constituido por tres salas de preparaci\u00f3n y determinaci\u00f3n de ensayos, sala de balanzas y dep\u00f3sito de insumos.<\/br><\/br><\/br><\/p>\n<p style=\"text-align: center;\"><a href=\"https:\/\/usfx.bo\/Documentos\/Tarifario_QAN-2023_Costo_Total.pdf\">Descargar par\u00e1metros<\/a><\/p>\n<p>[\/et_pb_blurb][\/et_pb_column][et_pb_column _builder_version=\u00bb4.22.2&#8243; _module_preset=\u00bbdefault\u00bb type=\u00bb1_3&#8243; theme_builder_area=\u00bbpost_content\u00bb][et_pb_blurb title=\u00bbMIC &#8211;  Laboratorio de Microbiologia\u00bb _builder_version=\u00bb4.22.2&#8243; _module_preset=\u00bbdefault\u00bb theme_builder_area=\u00bbpost_content\u00bb hover_enabled=\u00bb0&#8243; sticky_enabled=\u00bb0&#8243; text_orientation=\u00bbjustified\u00bb header_font_size=\u00bb21px\u00bb header_font=\u00bb|700|||||||\u00bb body_font=\u00bb|300|||||||\u00bb use_icon=\u00bbon\u00bb font_icon=\u00bb&#xf610;||fa||900&#8243; icon_color=\u00bb#000000&#8243; image_icon_width=\u00bb110px\u00bb box_shadow_style=\u00bbpreset1&#8243; custom_padding=\u00bb15px|15px|15px|15px|true|true\u00bb]<\/p>\n<p>Constituido por las salas de lavado y esterilizado de material, preparaci\u00f3n de muestra, siembra, incubaci\u00f3n, desecho, sala de microscopia y recuento de colonias adem\u00e1s cuenta con su propio almac\u00e9n de medios de cultivo.<\/p>\n<p style=\"text-align: center;\">\u00a0<a href=\"https:\/\/usfx.bo\/Documentos\/Tarifario_MIC-2023_Costo_Total.pdf\">Descargar par\u00e1metros<\/a><\/p>\n<p>[\/et_pb_blurb][\/et_pb_column][\/et_pb_row][\/et_pb_section][et_pb_section fb_built=\u00bb1&#8243; fullwidth=\u00bbon\u00bb _builder_version=\u00bb4.21.0&#8243; _module_preset=\u00bbdefault\u00bb custom_padding=\u00bb0px||0px||true|false\u00bb global_colors_info=\u00bb{}\u00bb][et_pb_fullwidth_image src=\u00bbhttps:\/\/tecnologia.usfx.bo\/ita\/wp-content\/uploads\/2023\/06\/franja-1.png\u00bb title_text=\u00bbfranja\u00bb _builder_version=\u00bb4.21.0&#8243; _module_preset=\u00bbdefault\u00bb global_colors_info=\u00bb{}\u00bb][\/et_pb_fullwidth_image][\/et_pb_section]<\/p>\n","protected":false},"excerpt":{"rendered":"<p>PAR\u00c1METROS DE AN\u00c1LISIS LABORATORIOS Los laboratorios del ITA realizan sus actividades de ensayo, cumpliendo los requisitos de las normas de referencia y orientados a la satisfacci\u00f3n de las necesidades de los clientes, autoridades reguladoras y de los organismos de acreditaci\u00f3n y certificaci\u00f3n.El Sistema de Gesti\u00f3n y Calidad se aplica a las actividades de ensayo de [&hellip;]<\/p>\n","protected":false},"author":1,"featured_media":0,"parent":0,"menu_order":0,"comment_status":"closed","ping_status":"closed","template":"","meta":{"_et_pb_use_builder":"on","_et_pb_old_content":"","_et_gb_content_width":"","footnotes":""},"_links":{"self":[{"href":"https:\/\/tecnologia.usfx.bo\/ita\/wp-json\/wp\/v2\/pages\/563"}],"collection":[{"href":"https:\/\/tecnologia.usfx.bo\/ita\/wp-json\/wp\/v2\/pages"}],"about":[{"href":"https:\/\/tecnologia.usfx.bo\/ita\/wp-json\/wp\/v2\/types\/page"}],"author":[{"embeddable":true,"href":"https:\/\/tecnologia.usfx.bo\/ita\/wp-json\/wp\/v2\/users\/1"}],"replies":[{"embeddable":true,"href":"https:\/\/tecnologia.usfx.bo\/ita\/wp-json\/wp\/v2\/comments?post=563"}],"version-history":[{"count":8,"href":"https:\/\/tecnologia.usfx.bo\/ita\/wp-json\/wp\/v2\/pages\/563\/revisions"}],"predecessor-version":[{"id":595,"href":"https:\/\/tecnologia.usfx.bo\/ita\/wp-json\/wp\/v2\/pages\/563\/revisions\/595"}],"wp:attachment":[{"href":"https:\/\/tecnologia.usfx.bo\/ita\/wp-json\/wp\/v2\/media?parent=563"}],"curies":[{"name":"wp","href":"https:\/\/api.w.org\/{rel}","templated":true}]}}