{"id":28,"date":"2023-06-15T21:52:24","date_gmt":"2023-06-15T21:52:24","guid":{"rendered":"https:\/\/tecnologia.usfx.bo\/ita\/?page_id=28"},"modified":"2023-12-14T15:39:35","modified_gmt":"2023-12-14T15:39:35","slug":"inicio","status":"publish","type":"page","link":"https:\/\/tecnologia.usfx.bo\/ita\/","title":{"rendered":"Inicio"},"content":{"rendered":"<p>[et_pb_section fb_built=\u00bb1&#8243; _builder_version=\u00bb4.22.2&#8243; _module_preset=\u00bbdefault\u00bb background_color=\u00bbRGBA(255,255,255,0)\u00bb use_background_color_gradient=\u00bbon\u00bb background_color_gradient_stops=\u00bb#2b5405 40%|#ffffff 100%\u00bb background_image=\u00bbhttps:\/\/tecnologia.usfx.bo\/ita\/wp-content\/uploads\/2023\/11\/20230821_140133.jpg\u00bb background_size=\u00bbcustom\u00bb background_image_width=\u00bb100%\u00bb background_position=\u00bbbottom_right\u00bb background_vertical_offset=\u00bb25%\u00bb background_blend=\u00bbscreen\u00bb height=\u00bb85vh\u00bb background_last_edited=\u00bbon|desktop\u00bb background_size_phone=\u00bbcover\u00bb global_colors_info=\u00bb{}\u00bb][et_pb_row _builder_version=\u00bb4.22.2&#8243; _module_preset=\u00bbdefault\u00bb positioning=\u00bbabsolute\u00bb position_origin_a=\u00bbbottom_center\u00bb vertical_offset=\u00bb30px\u00bb global_colors_info=\u00bb{}\u00bb][et_pb_column type=\u00bb4_4&#8243; _builder_version=\u00bb4.22.2&#8243; _module_preset=\u00bbdefault\u00bb global_colors_info=\u00bb{}\u00bb][et_pb_text _builder_version=\u00bb4.22.2&#8243; _module_preset=\u00bbdefault\u00bb header_font=\u00bbRoboto|700|||||||\u00bb header_text_color=\u00bb#FFFFFF\u00bb header_font_size=\u00bb40px\u00bb header_2_font=\u00bb|600|||||||\u00bb header_2_text_color=\u00bb#FFFFFF\u00bb header_2_font_size=\u00bb20px\u00bb background_color=\u00bbrgba(196,0,0,0.68)\u00bb width=\u00bb80%\u00bb custom_padding=\u00bb10px|||15px|false|false\u00bb animation_style=\u00bbfade\u00bb animation_duration=\u00bb1500ms\u00bb hover_enabled=\u00bb0&#8243; header_text_shadow_style=\u00bbpreset2&#8243; header_2_text_shadow_style=\u00bbpreset4&#8243; box_shadow_style=\u00bbpreset2&#8243; global_colors_info=\u00bb{}\u00bb header_font_size_last_edited=\u00bbon|desktop\u00bb sticky_enabled=\u00bb0&#8243; header_font_size_phone=\u00bb30px\u00bb header_font_size_tablet=\u00bb40px\u00bb]<\/p>\n<h1>INSTITUTO DE TECNOLOG\u00cdA DE ALIMENTOS<\/h1>\n<h2><em>Universidad Mayor, Real y Pontificia de San Francisco Xavier de Chuquisaca<\/em><\/h2>\n<p>[\/et_pb_text][\/et_pb_column][\/et_pb_row][\/et_pb_section][et_pb_section fb_built=\u00bb1&#8243; _builder_version=\u00bb4.22.2&#8243; _module_preset=\u00bbdefault\u00bb custom_padding=\u00bb0px||0px||true|false\u00bb global_colors_info=\u00bb{}\u00bb][et_pb_row _builder_version=\u00bb4.22.2&#8243; _module_preset=\u00bbdefault\u00bb width=\u00bb100%\u00bb max_width=\u00bb170vh\u00bb global_colors_info=\u00bb{}\u00bb][et_pb_column type=\u00bb4_4&#8243; _builder_version=\u00bb4.22.2&#8243; _module_preset=\u00bbdefault\u00bb global_colors_info=\u00bb{}\u00bb][et_pb_text _builder_version=\u00bb4.22.2&#8243; _module_preset=\u00bbdefault\u00bb text_font=\u00bb|300|||||||\u00bb text_font_size=\u00bb16px\u00bb hover_enabled=\u00bb0&#8243; global_colors_info=\u00bb{}\u00bb custom_padding=\u00bb|10px||10px|false|true\u00bb sticky_enabled=\u00bb0&#8243;]<\/p>\n<p style=\"text-align: justify;\">El Instituto de Tecnolog\u00eda de Alimentos \u2013 ITA es una unidad desconcentrada de la Facultad de Tecnolog\u00eda, dependiente de la Universidad Mayor Real y Pontificia de San Francisco Xavier de Chuquisaca.<\/p>\n<p style=\"text-align: justify;\">En fecha 17 de diciembre de 2010 se autoriza conformar la Comisi\u00f3n Liquidadora, con el fin de realizar las actividades de cierre de la Fundaci\u00f3n ITA, dicha instancia concluy\u00f3 sus actividades en fecha 29 de junio de 2011, emitiendo la Resoluci\u00f3n Final de Liquidaci\u00f3n N\u00ba 001\/2011, a trav\u00e9s de la cual se resuelve disolver la Fundaci\u00f3n ITA.<\/p>\n<p style=\"text-align: justify;\">Dado este antecedente el Departamento de Asesor\u00eda Jur\u00eddica sugiere al Rector de la Universidad Mayor Real y Pontificia de San Francisco Xavier de Chuquisaca, la emisi\u00f3n de la correspondiente Resoluci\u00f3n Rectoral N\u00ba 455 del 04 de agosto del 2011, que autoriza la creaci\u00f3n de la unidad desconcentrada Instituto de Tecnolog\u00eda de Alimentos &#8211; ITA.<\/p>\n<p style=\"text-align: justify;\">Su naturaleza oficial asegura que sus funciones sean desarrolladas de manera imparcial, no discriminatoria y que permanecer\u00e1 libre de presiones financieras e independientes al sector privado.<\/p>\n<p style=\"text-align: justify;\">Se establece como las fuentes de ingreso del ITA, la subvenci\u00f3n de la U.M.R.P.S.X.CH. e ingresos por servicios realizados.<\/p>\n<p>[\/et_pb_text][\/et_pb_column][\/et_pb_row][\/et_pb_section][et_pb_section fb_built=\u00bb1&#8243; fullwidth=\u00bbon\u00bb _builder_version=\u00bb4.22.2&#8243; _module_preset=\u00bbdefault\u00bb global_colors_info=\u00bb{}\u00bb][et_pb_fullwidth_image src=\u00bbhttps:\/\/tecnologia.usfx.bo\/ita\/wp-content\/uploads\/2023\/06\/franja-1.png\u00bb title_text=\u00bbfranja\u00bb _builder_version=\u00bb4.21.0&#8243; _module_preset=\u00bbdefault\u00bb global_colors_info=\u00bb{}\u00bb][\/et_pb_fullwidth_image][\/et_pb_section][et_pb_section fb_built=\u00bb1&#8243; _builder_version=\u00bb4.22.2&#8243; _module_preset=\u00bbdefault\u00bb custom_padding=\u00bb0px||0px||true|false\u00bb global_colors_info=\u00bb{}\u00bb][et_pb_row column_structure=\u00bb1_3,1_3,1_3&#8243; use_custom_gutter=\u00bbon\u00bb gutter_width=\u00bb1&#8243; make_equal=\u00bbon\u00bb _builder_version=\u00bb4.22.2&#8243; _module_preset=\u00bbdefault\u00bb width=\u00bb100%\u00bb max_width=\u00bb210vh\u00bb custom_padding=\u00bb0px||0px||true|false\u00bb hover_enabled=\u00bb0&#8243; global_colors_info=\u00bb{}\u00bb sticky_enabled=\u00bb0&#8243;][et_pb_column type=\u00bb1_3&#8243; _builder_version=\u00bb4.22.2&#8243; _module_preset=\u00bbdefault\u00bb hover_enabled=\u00bb0&#8243; global_colors_info=\u00bb{}\u00bb sticky_enabled=\u00bb0&#8243;][et_pb_cta title=\u00bbLaboratorio de Qu\u00edmica de Alimentos y Nutrientes\u00bb content_last_edited=\u00bboff|desktop\u00bb _builder_version=\u00bb4.22.2&#8243; _module_preset=\u00bbdefault\u00bb header_font=\u00bbOswald|700|||||||\u00bb header_text_align=\u00bbleft\u00bb header_text_color=\u00bb#FFFFFF\u00bb header_font_size=\u00bb6vh\u00bb body_font=\u00bbMerriweather|||on|||||\u00bb body_text_align=\u00bbleft\u00bb body_text_color=\u00bb#FFFFFF\u00bb background_color=\u00bbrgba(0,0,0,0)\u00bb background_image=\u00bbhttps:\/\/tecnologia.usfx.bo\/ita\/wp-content\/uploads\/2023\/11\/20230821_151117.jpg\u00bb background_size=\u00bbcustom\u00bb background_image_width=\u00bb0%\u00bb background_image_height=\u00bb0%\u00bb background_position=\u00bbbottom_left\u00bb background_horizontal_offset=\u00bb10%\u00bb background_vertical_offset=\u00bb0%\u00bb background_blend=\u00bbmultiply\u00bb background_layout=\u00bblight\u00bb module_alignment=\u00bbcenter\u00bb custom_padding=\u00bb65vh||||false|false\u00bb hover_enabled=\u00bb0&#8243; custom_css_main_element=\u00bbheight:100vh;\u00bb global_colors_info=\u00bb{}\u00bb background__hover_enabled=\u00bbon|hover\u00bb background_color__hover=\u00bbrgba(0,0,0,0.39)\u00bb background_enable_color__hover=\u00bbon\u00bb header_text_color__hover_enabled=\u00bboff|desktop\u00bb body_text_color__hover_enabled=\u00bboff|hover\u00bb header_text_color__hover=\u00bb#FFFFFF\u00bb body_text_color__hover=\u00bb#FFFFFF\u00bb background_layout__hover_enabled=\u00bboff|desktop\u00bb content__hover_enabled=\u00bbon|hover\u00bb content__hover=\u00bb<\/p>\n<p>Est\u00e1 constituido por tres salas de preparaci\u00f3n y determinaci\u00f3n de ensayos, sala de balanzas y dep\u00f3sito de insumos.<\/p>\n<p>\u00bb title__hover_enabled=\u00bbon|hover\u00bb title__hover=\u00bbLaboratorio de Qu\u00edmica de Alimentos y Nutrientes\u00bb header_font_size_last_edited=\u00bbon|phone\u00bb header_font_size_phone=\u00bb5vh\u00bb sticky_enabled=\u00bb0&#8243; body_font_size_last_edited=\u00bbon|phone\u00bb body_font_size_phone=\u00bb12px\u00bb header_font_size_tablet=\u00bb6vh\u00bb]<\/p>\n<p>Est\u00e1 constituido por tres salas de preparaci\u00f3n y determinaci\u00f3n de ensayos, sala de balanzas y dep\u00f3sito de insumos.<\/p>\n<p>[\/et_pb_cta][\/et_pb_column][et_pb_column type=\u00bb1_3&#8243; _builder_version=\u00bb4.22.2&#8243; _module_preset=\u00bbdefault\u00bb global_colors_info=\u00bb{}\u00bb][et_pb_cta title=\u00bbLaboratorio de Microbiolog\u00eda \u00bb _builder_version=\u00bb4.22.2&#8243; _module_preset=\u00bbdefault\u00bb header_font=\u00bbOswald|700|||||||\u00bb header_text_align=\u00bbleft\u00bb header_text_color=\u00bb#FFFFFF\u00bb header_font_size=\u00bb6vh\u00bb body_font=\u00bbMerriweather|||on|||||\u00bb body_text_align=\u00bbleft\u00bb body_text_color=\u00bb#FFFFFF\u00bb background_color=\u00bbrgba(0,0,0,0)\u00bb background_image=\u00bbhttps:\/\/tecnologia.usfx.bo\/ita\/wp-content\/uploads\/2023\/11\/20230821_142110.jpg\u00bb background_size=\u00bbcustom\u00bb background_image_width=\u00bb0%\u00bb background_image_height=\u00bb0%\u00bb background_position=\u00bbbottom_left\u00bb background_horizontal_offset=\u00bb0%\u00bb background_blend=\u00bbmultiply\u00bb background_layout=\u00bblight\u00bb module_alignment=\u00bbcenter\u00bb custom_padding=\u00bb65vh||||false|false\u00bb hover_enabled=\u00bb0&#8243; custom_css_main_element=\u00bbheight:100vh;\u00bb global_colors_info=\u00bb{}\u00bb background__hover_enabled=\u00bbon|hover\u00bb background_color__hover=\u00bbrgba(0,0,0,0.39)\u00bb background_enable_color__hover=\u00bbon\u00bb header_text_color__hover_enabled=\u00bboff|desktop\u00bb body_text_color__hover_enabled=\u00bboff|desktop\u00bb header_text_color__hover=\u00bb#FFFFFF\u00bb body_text_color__hover=\u00bb#FFFFFF\u00bb background_layout__hover_enabled=\u00bbon|hover\u00bb title__hover_enabled=\u00bbon|hover\u00bb title__hover=\u00bbLaboratorio de Microbiolog\u00eda \u00bb content__hover_enabled=\u00bbon|hover\u00bb content__hover=\u00bb<\/p>\n<p>Constituido por las salas de lavado y esterilizado de material, preparaci\u00f3n de muestra, siembra, incubaci\u00f3n, desecho, sala de microscopia y recuento de colonias adem\u00e1s cuenta con su propio almac\u00e9n de medios de cultivo.<\/p>\n<p>\u00bb background_layout__hover=\u00bblight\u00bb header_font_size_last_edited=\u00bbon|phone\u00bb header_font_size_phone=\u00bb5vh\u00bb sticky_enabled=\u00bb0&#8243; body_font_size_last_edited=\u00bbon|phone\u00bb body_font_size_phone=\u00bb12px\u00bb header_font_size_tablet=\u00bb6vh\u00bb]<\/p>\n<p>Constituido por las salas de lavado y esterilizado de material, preparaci\u00f3n de muestra, siembra, incubaci\u00f3n, desecho, sala de microscopia y recuento de colonias adem\u00e1s cuenta con su propio almac\u00e9n de medios de cultivo.<\/p>\n<p>[\/et_pb_cta][\/et_pb_column][et_pb_column type=\u00bb1_3&#8243; _builder_version=\u00bb4.22.2&#8243; _module_preset=\u00bbdefault\u00bb global_colors_info=\u00bb{}\u00bb][et_pb_cta title=\u00bbLaboratorio de Medio Ambiente y Recursos Naturales\u00bb _builder_version=\u00bb4.22.2&#8243; _module_preset=\u00bbdefault\u00bb header_font=\u00bbOswald|700|||||||\u00bb header_text_align=\u00bbleft\u00bb header_text_color=\u00bb#FFFFFF\u00bb header_font_size=\u00bb6vh\u00bb body_font=\u00bbMerriweather|||on|||||\u00bb body_text_align=\u00bbleft\u00bb body_text_color=\u00bb#FFFFFF\u00bb background_color=\u00bbrgba(0,0,0,0)\u00bb background_image=\u00bbhttps:\/\/tecnologia.usfx.bo\/ita\/wp-content\/uploads\/2023\/11\/20230821_134402.jpg\u00bb background_size=\u00bbcustom\u00bb background_image_width=\u00bb0%\u00bb background_image_height=\u00bb0%\u00bb background_position=\u00bbbottom_left\u00bb background_horizontal_offset=\u00bb21%\u00bb background_vertical_offset=\u00bb45%\u00bb background_blend=\u00bbmultiply\u00bb background_layout=\u00bblight\u00bb module_alignment=\u00bbcenter\u00bb custom_padding=\u00bb60vh||||false|false\u00bb hover_enabled=\u00bb0&#8243; custom_css_main_element=\u00bbheight:100vh;\u00bb global_colors_info=\u00bb{}\u00bb background__hover_enabled=\u00bbon|hover\u00bb background_color__hover=\u00bbrgba(0,0,0,0.39)\u00bb background_enable_color__hover=\u00bbon\u00bb header_text_color__hover_enabled=\u00bboff|desktop\u00bb body_text_color__hover_enabled=\u00bboff|desktop\u00bb header_text_color__hover=\u00bb#FFFFFF\u00bb body_text_color__hover=\u00bb#FFFFFF\u00bb background_layout__hover_enabled=\u00bbon|hover\u00bb title__hover_enabled=\u00bbon|hover\u00bb title__hover=\u00bbLaboratorio de Medio Ambiente y Recursos Naturales \u00bb content__hover_enabled=\u00bbon|hover\u00bb content__hover=\u00bb<\/p>\n<p>Cuenta con un ambiente de preparaci\u00f3n de muestras de suelos, otro ambiente de preparaci\u00f3n de muestras de agua y determinaci\u00f3n de ensayos en general, sala de balanzas y dep\u00f3sito para la conservaci\u00f3n de muestras.<\/p>\n<p>\u00bb background_layout__hover=\u00bblight\u00bb header_font_size_last_edited=\u00bbon|phone\u00bb header_font_size_phone=\u00bb5vh\u00bb sticky_enabled=\u00bb0&#8243; body_font_size_last_edited=\u00bbon|phone\u00bb body_font_size_phone=\u00bb12px\u00bb header_font_size_tablet=\u00bb6vh\u00bb]<\/p>\n<p>Constituido por las salas de lavado y esterilizado de material, preparaci\u00f3n de muestra, siembra, incubaci\u00f3n, desecho, sala de microscopia y recuento de colonias adem\u00e1s cuenta con su propio almac\u00e9n de medios de cultivo.<\/p>\n<p>[\/et_pb_cta][\/et_pb_column][\/et_pb_row][\/et_pb_section][et_pb_section fb_built=\u00bb1&#8243; _builder_version=\u00bb4.22.2&#8243; _module_preset=\u00bbdefault\u00bb background_enable_color=\u00bboff\u00bb background_image=\u00bbhttps:\/\/tecnologia.usfx.bo\/ita\/wp-content\/uploads\/2023\/11\/20230821_132407.jpg\u00bb parallax=\u00bbon\u00bb parallax_method=\u00bboff\u00bb background_blend=\u00bbscreen\u00bb custom_padding=\u00bb0px||0px||true|false\u00bb custom_css_main_element=\u00bbheight:50vh;\u00bb global_colors_info=\u00bb{}\u00bb][et_pb_row use_custom_gutter=\u00bbon\u00bb _builder_version=\u00bb4.22.2&#8243; _module_preset=\u00bbdefault\u00bb background_color=\u00bbrgba(224,43,32,0.66)\u00bb width=\u00bb100%\u00bb max_width=\u00bb206vh\u00bb height=\u00bb60vh\u00bb global_colors_info=\u00bb{}\u00bb][et_pb_column type=\u00bb4_4&#8243; _builder_version=\u00bb4.22.2&#8243; _module_preset=\u00bbdefault\u00bb global_colors_info=\u00bb{}\u00bb][\/et_pb_column][\/et_pb_row][\/et_pb_section][et_pb_section fb_built=\u00bb1&#8243; admin_label=\u00bbMULTIMEDIA\u00bb _builder_version=\u00bb4.22.2&#8243; _module_preset=\u00bbdefault\u00bb background_color=\u00bb#FFFFFF\u00bb custom_padding=\u00bb0px||0px||true|false\u00bb global_colors_info=\u00bb{}\u00bb][et_pb_row admin_label=\u00bbCONTACTO\u00bb _builder_version=\u00bb4.22.2&#8243; _module_preset=\u00bbdefault\u00bb background_enable_color=\u00bboff\u00bb width=\u00bb100%\u00bb max_width=\u00bb206vh\u00bb global_colors_info=\u00bb{}\u00bb][et_pb_column type=\u00bb4_4&#8243; _builder_version=\u00bb4.21.0&#8243; _module_preset=\u00bbdefault\u00bb global_colors_info=\u00bb{}\u00bb][et_pb_text _builder_version=\u00bb4.22.2&#8243; _module_preset=\u00bbdefault\u00bb text_font=\u00bbRoboto|||on|||||\u00bb header_font=\u00bbRoboto|||on|||||\u00bb header_text_align=\u00bbright\u00bb header_text_color=\u00bb#FFFFFF\u00bb background_color=\u00bbrgba(224,43,32,0.8)\u00bb width=\u00bb22%\u00bb custom_margin=\u00bb|||46px|false|false\u00bb custom_padding=\u00bb10px|||20px|false|false\u00bb hover_enabled=\u00bb0&#8243; header_text_shadow_style=\u00bbpreset1&#8243; global_colors_info=\u00bb{}\u00bb width_last_edited=\u00bbon|desktop\u00bb width_phone=\u00bb60%\u00bb sticky_enabled=\u00bb0&#8243; width_tablet=\u00bb22%\u00bb]<\/p>\n<h1 style=\"text-align: left;\">Galeria de fotos<\/h1>\n<hr style=\"width: 300px; border: 5px solid white; display: inline-block;\" \/>[\/et_pb_text][\/et_pb_column][\/et_pb_row][et_pb_row use_custom_gutter=\u00bbon\u00bb gutter_width=\u00bb1&#8243; make_equal=\u00bbon\u00bb _builder_version=\u00bb4.22.2&#8243; _module_preset=\u00bbdefault\u00bb width=\u00bb100%\u00bb max_width=\u00bb195vh\u00bb custom_padding=\u00bb20px||0px||false|false\u00bb global_colors_info=\u00bb{}\u00bb][et_pb_column type=\u00bb4_4&#8243; _builder_version=\u00bb4.21.0&#8243; _module_preset=\u00bbdefault\u00bb global_colors_info=\u00bb{}\u00bb][et_pb_gallery gallery_ids=\u00bb405,388,387,374,366,410,413,415,389,411,412,414,424,416,421,417,418,420,419,422,423,425,426,427,428,429,434,437,436,435,431,432,433,438,439,443,444,445,446,447,448,442,440,441,449,430,450,451&#8243; posts_number=\u00bb8&#8243; show_title_and_caption=\u00bboff\u00bb zoom_icon_color=\u00bb#FFFFFF\u00bb hover_overlay_color=\u00bbrgba(36,36,36,0.76)\u00bb hover_icon=\u00bb&#xf03e;||fa||400&#8243; _builder_version=\u00bb4.22.2&#8243; _module_preset=\u00bbdefault\u00bb global_colors_info=\u00bb{}\u00bb][\/et_pb_gallery][\/et_pb_column][\/et_pb_row][\/et_pb_section][et_pb_section fb_built=\u00bb1&#8243; admin_label=\u00bbCONTACTO\u00bb _builder_version=\u00bb4.22.2&#8243; _module_preset=\u00bbdefault\u00bb background_image=\u00bbhttps:\/\/tecnologia.usfx.bo\/ita\/wp-content\/uploads\/2023\/11\/20230821_132407.jpg\u00bb parallax=\u00bbon\u00bb parallax_method=\u00bboff\u00bb custom_padding=\u00bb0px||0px||true|false\u00bb global_colors_info=\u00bb{}\u00bb][et_pb_row admin_label=\u00bbCONTACTO\u00bb _builder_version=\u00bb4.22.2&#8243; _module_preset=\u00bbdefault\u00bb background_color=\u00bbrgba(188,26,26,0.71)\u00bb width=\u00bb100%\u00bb max_width=\u00bb206vh\u00bb global_colors_info=\u00bb{}\u00bb][et_pb_column type=\u00bb4_4&#8243; _builder_version=\u00bb4.21.0&#8243; _module_preset=\u00bbdefault\u00bb global_colors_info=\u00bb{}\u00bb][et_pb_text _builder_version=\u00bb4.22.2&#8243; _module_preset=\u00bbdefault\u00bb text_font=\u00bbRoboto|||on|||||\u00bb header_font=\u00bbRoboto|||on|||||\u00bb header_text_align=\u00bbright\u00bb header_text_color=\u00bb#FFFFFF\u00bb custom_padding=\u00bb10px|||20px|false|false\u00bb header_text_shadow_style=\u00bbpreset1&#8243; global_colors_info=\u00bb{}\u00bb]<\/p>\n<h1 style=\"text-align: left;\">Contacto<\/h1>\n<hr style=\"width: 200px; border: 5px solid white; display: inline-block;\" \/>[\/et_pb_text][\/et_pb_column][\/et_pb_row][et_pb_row column_structure=\u00bb2_5,3_5&#8243; _builder_version=\u00bb4.22.2&#8243; _module_preset=\u00bbdefault\u00bb background_color=\u00bbrgba(188,26,26,0.71)\u00bb width=\u00bb100%\u00bb max_width=\u00bb206vh\u00bb global_colors_info=\u00bb{}\u00bb][et_pb_column type=\u00bb2_5&#8243; _builder_version=\u00bb4.22.2&#8243; _module_preset=\u00bbdefault\u00bb custom_padding=\u00bb|10px||10px|false|true\u00bb global_colors_info=\u00bb{}\u00bb][et_pb_code _builder_version=\u00bb4.22.2&#8243; _module_preset=\u00bbdefault\u00bb custom_padding=\u00bb|10px||10px|false|true\u00bb global_colors_info=\u00bb{}\u00bb]<iframe src=\"https:\/\/www.google.com\/maps\/embed?pb=!1m18!1m12!1m3!1d3771.9748750856374!2d-65.29832792062162!3d-19.02082876465323!2m3!1f0!2f0!3f0!3m2!1i1024!2i768!4f13.1!3m3!1m2!1s0x93fbc623bbd21be1%3A0x141fade6a25f5c09!2sInstituto%20de%20Tecnologia%20de%20Alimentos!5e0!3m2!1ses-419!2sbo!4v1701100017402!5m2!1ses-419!2sbo\" width=\"600\" height=\"450\" style=\"border:0;\" allowfullscreen=\"\" loading=\"lazy\" referrerpolicy=\"no-referrer-when-downgrade\"><\/iframe>[\/et_pb_code][\/et_pb_column][et_pb_column type=\u00bb3_5&#8243; _builder_version=\u00bb4.21.0&#8243; _module_preset=\u00bbdefault\u00bb global_colors_info=\u00bb{}\u00bb][et_pb_blurb _builder_version=\u00bb4.21.0&#8243; _module_preset=\u00bbdefault\u00bb header_level=\u00bbh2&#8243; header_font=\u00bbRoboto||on||||||\u00bb header_text_color=\u00bb#FFFFFF\u00bb header_font_size=\u00bb18px\u00bb body_font=\u00bbRoboto||||||||\u00bb body_font_size=\u00bb16px\u00bb custom_padding=\u00bb0px||0px||true|false\u00bb global_colors_info=\u00bb{}\u00bb][\/et_pb_blurb][et_pb_blurb title=\u00bbINSTITUTO DE TECNOLOG\u00cdA DE ALIMENTOS\u00bb _builder_version=\u00bb4.22.2&#8243; _module_preset=\u00bbdefault\u00bb header_level=\u00bbh2&#8243; header_font=\u00bbRoboto||||||||\u00bb header_text_align=\u00bbleft\u00bb header_text_color=\u00bb#FFFFFF\u00bb body_font=\u00bbRoboto||||||||\u00bb body_text_align=\u00bbleft\u00bb body_text_color=\u00bb#FFFFFF\u00bb body_font_size=\u00bb18px\u00bb custom_padding=\u00bb0px||0px||true|false\u00bb hover_enabled=\u00bb0&#8243; global_colors_info=\u00bb{}\u00bb custom_padding_last_edited=\u00bbon|phone\u00bb custom_padding_phone=\u00bb0px|10px|0px|10px|true|true\u00bb sticky_enabled=\u00bb0&#8243; custom_padding_tablet=\u00bb0px||0px||true|false\u00bb]<\/p>\n<p><i>Universidad Mayor Real y Pontificia de San Francisco Xavier de Chuquisaca.<\/i><\/p>\n<p><i> <\/i><\/p>\n<p><i>Calle Padilla s\/n (Urbanizaci\u00f3n \u201cLos \u00c1lamos\u201d)<\/i><\/p>\n<p>[\/et_pb_blurb][et_pb_blurb title=\u00bbTel\u00e9fono\u00bb use_icon=\u00bbon\u00bb font_icon=\u00bb&#xf095;||fa||900&#8243; icon_color=\u00bb#FFFFFF\u00bb image_icon_background_color=\u00bbRGBA(255,255,255,0)\u00bb icon_placement=\u00bbleft\u00bb image_icon_width=\u00bb25px\u00bb _builder_version=\u00bb4.22.2&#8243; _module_preset=\u00bbdefault\u00bb header_font=\u00bbRoboto||||||||\u00bb header_text_color=\u00bb#FFFFFF\u00bb body_font=\u00bbRoboto||||||||\u00bb body_text_color=\u00bb#FFFFFF\u00bb hover_enabled=\u00bb0&#8243; global_colors_info=\u00bb{}\u00bb custom_padding_last_edited=\u00bbon|phone\u00bb custom_padding_phone=\u00bb|10px||10px|false|true\u00bb sticky_enabled=\u00bb0&#8243;]<\/p>\n<p>+591 4 6427090<br \/>+591 4 6453053<\/p>\n<p>[\/et_pb_blurb][et_pb_blurb title=\u00bbCorreo Electr\u00f3nico\u00bb use_icon=\u00bbon\u00bb font_icon=\u00bb&#xe076;||divi||400&#8243; icon_color=\u00bb#FFFFFF\u00bb image_icon_background_color=\u00bbRGBA(255,255,255,0)\u00bb icon_placement=\u00bbleft\u00bb image_icon_width=\u00bb25px\u00bb _builder_version=\u00bb4.22.2&#8243; _module_preset=\u00bbdefault\u00bb header_font=\u00bbRoboto||||||||\u00bb header_text_color=\u00bb#FFFFFF\u00bb body_font=\u00bbRoboto||||||||\u00bb body_text_color=\u00bb#FFFFFF\u00bb hover_enabled=\u00bb0&#8243; global_colors_info=\u00bb{}\u00bb custom_padding_last_edited=\u00bbon|phone\u00bb custom_padding_phone=\u00bb|10px||10px|false|true\u00bb sticky_enabled=\u00bb0&#8243;][\/et_pb_blurb][et_pb_blurb title=\u00bbSitio Web\u00bb use_icon=\u00bbon\u00bb font_icon=\u00bb&#xe0e3;||divi||400&#8243; icon_color=\u00bb#FFFFFF\u00bb image_icon_background_color=\u00bbRGBA(255,255,255,0)\u00bb icon_placement=\u00bbleft\u00bb image_icon_width=\u00bb25px\u00bb _builder_version=\u00bb4.22.2&#8243; _module_preset=\u00bbdefault\u00bb header_font=\u00bbRoboto||||||||\u00bb header_text_color=\u00bb#FFFFFF\u00bb body_font=\u00bbRoboto||||||||\u00bb body_text_color=\u00bb#FFFFFF\u00bb hover_enabled=\u00bb0&#8243; global_colors_info=\u00bb{}\u00bb custom_padding_last_edited=\u00bbon|phone\u00bb custom_padding_phone=\u00bb|10px||10px|false|true\u00bb sticky_enabled=\u00bb0&#8243;]<\/p>\n<p>tecnologia.usfx.bo\/ita<\/p>\n<p>[\/et_pb_blurb][\/et_pb_column][\/et_pb_row][\/et_pb_section]<\/p>\n","protected":false},"excerpt":{"rendered":"<p>INSTITUTO DE TECNOLOG\u00cdA DE ALIMENTOS Universidad Mayor, Real y Pontificia de San Francisco Xavier de ChuquisacaEl Instituto de Tecnolog\u00eda de Alimentos \u2013 ITA es una unidad desconcentrada de la Facultad de Tecnolog\u00eda, dependiente de la Universidad Mayor Real y Pontificia de San Francisco Xavier de Chuquisaca. En fecha 17 de diciembre de 2010 se autoriza [&hellip;]<\/p>\n","protected":false},"author":1,"featured_media":0,"parent":0,"menu_order":0,"comment_status":"closed","ping_status":"closed","template":"","meta":{"_et_pb_use_builder":"on","_et_pb_old_content":"","_et_gb_content_width":"","footnotes":""},"_links":{"self":[{"href":"https:\/\/tecnologia.usfx.bo\/ita\/wp-json\/wp\/v2\/pages\/28"}],"collection":[{"href":"https:\/\/tecnologia.usfx.bo\/ita\/wp-json\/wp\/v2\/pages"}],"about":[{"href":"https:\/\/tecnologia.usfx.bo\/ita\/wp-json\/wp\/v2\/types\/page"}],"author":[{"embeddable":true,"href":"https:\/\/tecnologia.usfx.bo\/ita\/wp-json\/wp\/v2\/users\/1"}],"replies":[{"embeddable":true,"href":"https:\/\/tecnologia.usfx.bo\/ita\/wp-json\/wp\/v2\/comments?post=28"}],"version-history":[{"count":107,"href":"https:\/\/tecnologia.usfx.bo\/ita\/wp-json\/wp\/v2\/pages\/28\/revisions"}],"predecessor-version":[{"id":601,"href":"https:\/\/tecnologia.usfx.bo\/ita\/wp-json\/wp\/v2\/pages\/28\/revisions\/601"}],"wp:attachment":[{"href":"https:\/\/tecnologia.usfx.bo\/ita\/wp-json\/wp\/v2\/media?parent=28"}],"curies":[{"name":"wp","href":"https:\/\/api.w.org\/{rel}","templated":true}]}}