{"id":184,"date":"2023-06-20T18:50:50","date_gmt":"2023-06-20T18:50:50","guid":{"rendered":"https:\/\/tecnologia.usfx.bo\/ita\/?page_id=184"},"modified":"2023-12-14T15:48:37","modified_gmt":"2023-12-14T15:48:37","slug":"quienes_somos","status":"publish","type":"page","link":"https:\/\/tecnologia.usfx.bo\/ita\/quienes_somos\/","title":{"rendered":"Quienes Somos"},"content":{"rendered":"<p>[et_pb_section fb_built=\u00bb1&#8243; fullwidth=\u00bbon\u00bb _builder_version=\u00bb4.21.0&#8243; _module_preset=\u00bbdefault\u00bb custom_padding=\u00bb0px||0px||true|false\u00bb global_colors_info=\u00bb{}\u00bb][et_pb_fullwidth_image src=\u00bbhttps:\/\/tecnologia.usfx.bo\/ita\/wp-content\/uploads\/2023\/06\/franja-1.png\u00bb title_text=\u00bbfranja\u00bb _builder_version=\u00bb4.21.0&#8243; _module_preset=\u00bbdefault\u00bb global_colors_info=\u00bb{}\u00bb][\/et_pb_fullwidth_image][\/et_pb_section][et_pb_section fb_built=\u00bb1&#8243; fullwidth=\u00bbon\u00bb _builder_version=\u00bb4.21.0&#8243; _module_preset=\u00bbdefault\u00bb global_colors_info=\u00bb{}\u00bb][et_pb_fullwidth_header title=\u00bbQUIENES SOMOS\u00bb subhead=\u00bbInstituto de Tecnolog\u00eda de Alimentos\u00bb text_orientation=\u00bbright\u00bb background_overlay_color=\u00bbrgba(0,0,0,0.3)\u00bb _builder_version=\u00bb4.22.2&#8243; _module_preset=\u00bbdefault\u00bb title_font=\u00bbRoboto|||on|||||\u00bb title_font_size=\u00bb35px\u00bb subhead_font=\u00bbRoboto||on||||||\u00bb subhead_font_size=\u00bb20px\u00bb background_enable_color=\u00bboff\u00bb use_background_color_gradient=\u00bbon\u00bb background_color_gradient_stops=\u00bbrgba(0,168,154,0.65) 63%|#ffffff 88%\u00bb background_image=\u00bbhttps:\/\/tecnologia.usfx.bo\/ita\/wp-content\/uploads\/2023\/11\/20230821_132407.jpg\u00bb background_position=\u00bbcenter_right\u00bb background_blend=\u00bbscreen\u00bb vertical_offset=\u00bb0px\u00bb height=\u00bb50vh\u00bb title_text_shadow_style=\u00bbpreset5&#8243; global_colors_info=\u00bb{}\u00bb][\/et_pb_fullwidth_header][\/et_pb_section][et_pb_section fb_built=\u00bb1&#8243; _builder_version=\u00bb4.22.2&#8243; _module_preset=\u00bbdefault\u00bb background_color=\u00bb#b2b2b2&#8243; background_enable_image=\u00bboff\u00bb background_size=\u00bbinitial\u00bb background_position=\u00bbcenter_right\u00bb background_blend=\u00bblighten\u00bb custom_padding=\u00bb10px||20px||false|false\u00bb animation_style=\u00bbfade\u00bb global_colors_info=\u00bb{}\u00bb][et_pb_row column_structure=\u00bb1_4,3_4&#8243; use_custom_gutter=\u00bbon\u00bb _builder_version=\u00bb4.22.2&#8243; _module_preset=\u00bbdefault\u00bb width=\u00bb100%\u00bb max_width=\u00bb200vh\u00bb hover_enabled=\u00bb0&#8243; global_colors_info=\u00bb{}\u00bb custom_padding_last_edited=\u00bbon|phone\u00bb custom_padding_phone=\u00bb|10px||10px|false|true\u00bb sticky_enabled=\u00bb0&#8243;][et_pb_column type=\u00bb1_4&#8243; _builder_version=\u00bb4.21.0&#8243; _module_preset=\u00bbdefault\u00bb custom_padding=\u00bb||||false|false\u00bb global_colors_info=\u00bb{}\u00bb][et_pb_blurb title=\u00bbAmbientes\u00bb use_icon=\u00bbon\u00bb font_icon=\u00bb&#xf0c3;||fa||900&#8243; icon_color=\u00bb#FFFFFF\u00bb icon_placement=\u00bbleft\u00bb image_icon_width=\u00bb68px\u00bb _builder_version=\u00bb4.22.2&#8243; _module_preset=\u00bbdefault\u00bb header_font=\u00bb|800|||||||\u00bb header_text_align=\u00bbcenter\u00bb header_font_size=\u00bb30px\u00bb background_color=\u00bbRGBA(255,255,255,0)\u00bb image_icon_custom_margin=\u00bb||||false|false\u00bb image_icon_custom_padding=\u00bb||||false|false\u00bb background_layout=\u00bbdark\u00bb custom_margin=\u00bb||||false|false\u00bb custom_padding=\u00bb10px|15px|10px|15px|true|true\u00bb link_option_url=\u00bb#ambientes\u00bb hover_enabled=\u00bb0&#8243; border_radii=\u00bbon|10px|10px|10px|10px\u00bb box_shadow_style=\u00bbpreset1&#8243; text_shadow_style=\u00bbpreset1&#8243; global_colors_info=\u00bb{}\u00bb background__hover_enabled=\u00bbon|hover\u00bb background_color__hover=\u00bb#12876f\u00bb background_enable_color__hover=\u00bbon\u00bb custom_padding_last_edited=\u00bbon|phone\u00bb sticky_enabled=\u00bb0&#8243; custom_padding_tablet=\u00bb10px|15px|10px|15px|true|true\u00bb custom_padding_phone=\u00bb10px|15px|10px|15px|true|true\u00bb][\/et_pb_blurb][et_pb_blurb title=\u00bbMisi\u00f3n &#038; Visi\u00f3n\u00bb use_icon=\u00bbon\u00bb font_icon=\u00bb&#xf501;||fa||900&#8243; icon_color=\u00bb#FFFFFF\u00bb icon_placement=\u00bbleft\u00bb image_icon_width=\u00bb68px\u00bb _builder_version=\u00bb4.22.2&#8243; _module_preset=\u00bbdefault\u00bb header_font=\u00bb|800|||||||\u00bb header_text_align=\u00bbcenter\u00bb header_font_size=\u00bb30px\u00bb background_color=\u00bbRGBA(255,255,255,0)\u00bb image_icon_custom_margin=\u00bb||||false|false\u00bb image_icon_custom_padding=\u00bb||||false|false\u00bb background_layout=\u00bbdark\u00bb custom_margin=\u00bb||||false|false\u00bb custom_padding=\u00bb10px|15px|10px|15px|true|true\u00bb link_option_url=\u00bb#institucional\u00bb border_radii=\u00bbon|10px|10px|10px|10px\u00bb box_shadow_style=\u00bbpreset1&#8243; text_shadow_style=\u00bbpreset1&#8243; global_colors_info=\u00bb{}\u00bb background__hover_enabled=\u00bbon|hover\u00bb background_color__hover=\u00bb#12876f\u00bb background_enable_color__hover=\u00bbon\u00bb][\/et_pb_blurb][\/et_pb_column][et_pb_column type=\u00bb3_4&#8243; _builder_version=\u00bb4.21.0&#8243; _module_preset=\u00bbdefault\u00bb custom_padding=\u00bb||||false|false\u00bb global_colors_info=\u00bb{}\u00bb][et_pb_text _builder_version=\u00bb4.22.2&#8243; _module_preset=\u00bbdefault\u00bb text_font=\u00bb|300|||||||\u00bb text_font_size=\u00bb16px\u00bb ul_text_align=\u00bbjustify\u00bb ul_text_color=\u00bb#FFFFFF\u00bb header_2_font_size=\u00bb35px\u00bb custom_padding=\u00bb0px||0px||false|false\u00bb hover_enabled=\u00bb0&#8243; header_2_text_shadow_style=\u00bbpreset1&#8243; global_colors_info=\u00bb{}\u00bb sticky_enabled=\u00bb0&#8243;]<\/p>\n<h2><span style=\"color: white;\"><strong>INTRODUCCI\u00d3N<\/strong><\/span><\/h2>\n<p style=\"text-align: justify;\"><span style=\"color: white;\">El Instituto de Tecnolog\u00eda de Alimentos, ITA fue creado como una entidad sin fines de lucro, cuya personalidad jur\u00eddica fue reconocida por el Estado Boliviano mediante Resoluci\u00f3n Suprema N\u00b0 202973 del 25 de septiembre de 1987 con patrimonio propio y autonom\u00eda de gesti\u00f3n.<\/span><\/p>\n<p style=\"text-align: justify;\"><span style=\"color: white;\"><img loading=\"lazy\" decoding=\"async\" src=\"https:\/\/tecnologia.usfx.bo\/ita\/wp-content\/uploads\/2023\/11\/20230821_151300-1.jpg\" width=\"560\" height=\"150\" alt=\"\" class=\"wp-image-440 alignnone size-full\" style=\"float: right; padding: 10px;\" \/>El m\u00e1ximo \u00f3rgano de gobierno del Instituto es el Decano de la Facultad de Tecnolog\u00eda de la Universidad de San Francisco Xavier de Chuquisaca. El Decano tiene a su cargo hacer cumplir los reglamentos y resoluciones, delinear y encauzar las pol\u00edticas generales de la entidad, aprobar los informes anuales. Asimismo, el Decano tiene como funciones principales el seguimiento a los planes y programas, supervisar la estructura y operaciones del Instituto. Por su parte, el Director del ITA, act\u00faa como representante legal y es el responsable del buen funcionamiento del Instituto.<\/span><\/p>\n<p style=\"text-align: justify;\"><span style=\"color: white;\">El campo de acci\u00f3n de la Instituci\u00f3n es:<\/span><\/p>\n<ul>\n<li>An\u00e1lisis Fisicoqu\u00edmico y toxicol\u00f3gico de Alimentos en general.<\/li>\n<li>An\u00e1lisis Fisicoqu\u00edmico y metales pesados en Aguas Superficiales o Tipo A y aguas residuales, Suelos y sedimentos.<\/li>\n<li>An\u00e1lisis Microbiol\u00f3gico de Alimentos y Aguas en general.<\/li>\n<li>Investigaci\u00f3n.<\/li>\n<li>Asesoramiento T\u00e9cnico.<\/li>\n<li>Control de Sanitizaci\u00f3n de ambientes para el manejo adecuado en cuanto se refiere a manipulaci\u00f3n y procesamiento de alimentos.<\/li>\n<\/ul>\n<p style=\"text-align: justify;\"><span style=\"color: white;\"><strong>EL ITA CUENTA CON INFRAESTRUCTURA APROPIADA PARA SUS ACTIVIDADES, PERSONAL CALIFICADO, COMPETENTE Y ESPECIALIZADO EN LOS DIFERENTES CAMPOS DE ACCI\u00d3N.<\/strong><\/span><\/p>\n<p style=\"text-align: justify;\"><span style=\"color: white;\">El Instituto de Tecnolog\u00eda de Alimentos \u2013 ITA es una unidad desconcentrada de la Facultad de Tecnolog\u00eda, dependiente de la Universidad Mayor Real y Pontificia de San Francisco Xavier de Chuquisaca. <\/span><\/p>\n<p style=\"text-align: justify;\"><span style=\"color: white;\">En fecha 17 de diciembre de 2010 se autoriza conformar la Comisi\u00f3n Liquidadora, con el fin de realizar las actividades de cierre de la Fundaci\u00f3n ITA, dicha instancia concluy\u00f3 sus actividades en fecha 29 de junio de 2011, emitiendo la Resoluci\u00f3n Final de Liquidaci\u00f3n N\u00ba 001\/2011, a trav\u00e9s de la cual se resuelve disolver la Fundaci\u00f3n ITA.<\/span><\/p>\n<p style=\"text-align: justify;\"><span style=\"color: white;\">Dado este antecedente el Departamento de Asesor\u00eda Jur\u00eddica sugiere al Rector de la Universidad Mayor Real y Pontificia de San Francisco Xavier de Chuquisaca, la emisi\u00f3n de la correspondiente Resoluci\u00f3n Rectoral N\u00ba 455 del 04 de agosto del 2011, que autoriza la creaci\u00f3n de la unidad desconcentrada Instituto de Tecnolog\u00eda de Alimentos &#8211; ITA.<\/span><\/p>\n<p style=\"text-align: justify;\"><span style=\"color: white;\">Su naturaleza oficial asegura que sus funciones sean desarrolladas de manera imparcial, no discriminatoria y que permanecer\u00e1 libre de presiones financieras e independientes al sector privado.<\/span><\/p>\n<p style=\"text-align: justify;\"><span style=\"color: white;\">Se establece como las fuentes de ingreso del ITA, la subvenci\u00f3n de la U.M.R.P.S.X.CH. e ingresos por servicios realizados.<\/span><\/p>\n<p>[\/et_pb_text][et_pb_text module_id=\u00bbambientes\u00bb _builder_version=\u00bb4.22.2&#8243; _module_preset=\u00bbdefault\u00bb text_font=\u00bb|300|||||||\u00bb text_font_size=\u00bb16px\u00bb ul_text_align=\u00bbjustify\u00bb ul_text_color=\u00bb#FFFFFF\u00bb header_2_font_size=\u00bb35px\u00bb custom_padding=\u00bb0px||0px||false|false\u00bb hover_enabled=\u00bb0&#8243; header_2_text_shadow_style=\u00bbpreset1&#8243; global_colors_info=\u00bb{}\u00bb sticky_enabled=\u00bb0&#8243;]<\/p>\n<h2><span style=\"color: white;\">DESCRIPCI\u00d3N DE LOS AMBIENTES<br \/><\/span><\/h2>\n<p style=\"text-align: justify;\"><span style=\"color: white;\">La infraestructura del Instituto de Tecnolog\u00eda de Alimentos se extiende en un \u00e1rea total 25.000 m2, el \u00e1rea construida es de 5000 m2 de acuerdo a normas internacionales.<\/span><\/p>\n<p style=\"text-align: justify;\"><span style=\"color: white;\">Cuenta con 2 \u00e1reas de trabajo:<\/span><\/p>\n<p style=\"text-align: justify;\"><span style=\"color: white;\">\u00c1rea administrativa, donde se encuentra la Direcci\u00f3n del ITA, Recepci\u00f3n de muestras y Secretar\u00eda, Administraci\u00f3n y Contabilidad, oficina de Gesti\u00f3n y Calidad dos Auditorios, Comedor.<\/span><\/p>\n<p style=\"text-align: justify;\"><span style=\"color: white;\">\u00c1rea T\u00e9cnica, donde se encuentran, los Responsables de cada Laboratorio, la biblioteca, los Laboratorios de Microbiolog\u00eda, Qu\u00edmica de Alimentos y Nutrientes, Medio Ambiente y Recursos Naturales. y el Laboratorio de Instrumental e Investigaci\u00f3n:<\/span><\/p>\n<ul>\n<li><span style=\"color: white;\">El laboratorio de microbiolog\u00eda est\u00e1 constituido por las salas de lavado y esterilizado de material, preparaci\u00f3n de muestra, siembra, incubaci\u00f3n, desecho, sala de microscopia y recuento de colonias adem\u00e1s cuenta con su propio almac\u00e9n de medios de cultivo.<\/span><\/li>\n<li><span style=\"color: white;\">El laboratorio de Qu\u00edmica de Alimentos y Nutrientes est\u00e1 constituido por tres salas de preparaci\u00f3n y determinaci\u00f3n de ensayos, sala de balanzas y dep\u00f3sito de insumos.<\/span><\/li>\n<li><span style=\"color: white;\">El Laboratorio de Medio Ambiente y Recursos Naturales cuenta con un ambiente de preparaci\u00f3n de muestras de suelos, otro ambiente de preparaci\u00f3n de muestras de agua y determinaci\u00f3n de ensayos en general, sala de balanzas y dep\u00f3sito para la conservaci\u00f3n de muestras.<\/span><\/li>\n<li><span style=\"color: white;\">Un ambiente para el almacenamiento de reactivos, material de vidrio, dos salas en com\u00fan para los laboratorios de Qu\u00edmica de los Alimentos y Nutrientes y el laboratorio de Medio Ambiente y Recursos Naturales, donde se encuentra el Espectrofot\u00f3metro de Absorci\u00f3n At\u00f3mica, Espectrofot\u00f3metro visible UV y los cromat\u00f3grafos, HPLC.<\/span><\/li>\n<\/ul>\n<p>[\/et_pb_text][\/et_pb_column][\/et_pb_row][\/et_pb_section][et_pb_section fb_built=\u00bb1&#8243; _builder_version=\u00bb4.22.2&#8243; _module_preset=\u00bbdefault\u00bb background_color=\u00bb#b2b2b2&#8243; custom_padding=\u00bb0px||0px||true|false\u00bb animation_style=\u00bbfade\u00bb global_colors_info=\u00bb{}\u00bb][et_pb_row column_structure=\u00bb1_2,1_2&#8243; use_custom_gutter=\u00bbon\u00bb gutter_width=\u00bb2&#8243; make_equal=\u00bbon\u00bb module_id=\u00bbinstitucional\u00bb _builder_version=\u00bb4.22.2&#8243; _module_preset=\u00bbdefault\u00bb width=\u00bb100%\u00bb global_colors_info=\u00bb{}\u00bb][et_pb_column type=\u00bb1_2&#8243; _builder_version=\u00bb4.22.2&#8243; _module_preset=\u00bbdefault\u00bb global_colors_info=\u00bb{}\u00bb][et_pb_cta title=\u00bbMISI\u00d3N \u00bb _builder_version=\u00bb4.22.2&#8243; _module_preset=\u00bbdefault\u00bb header_font=\u00bb|800|||||||\u00bb background_color=\u00bb#12876f\u00bb header_text_shadow_style=\u00bbpreset1&#8243; global_colors_info=\u00bb{}\u00bb]<\/p>\n<p style=\"text-align: justify;\">\u201cOfrecer servicio de an\u00e1lisis de laboratorio, garantizando resultados confiables seg\u00fan normas vigentes.<br \/>Promover y desarrollar proyectos de investigaci\u00f3n e innovaci\u00f3n de tecnolog\u00eda de procesos y productos.<br \/>Brindar apoyo t\u00e9cnico y de capacitaci\u00f3n para docentes, estudiantes, personas e instituciones vinculadas a procesos de desarrollo sostenible en el departamento de Chuquisaca y el resto del pa\u00eds.\u201d<\/p>\n<p>[\/et_pb_cta][\/et_pb_column][et_pb_column type=\u00bb1_2&#8243; _builder_version=\u00bb4.22.2&#8243; _module_preset=\u00bbdefault\u00bb global_colors_info=\u00bb{}\u00bb][et_pb_cta title=\u00bbVISI\u00d3N\u00bb _builder_version=\u00bb4.22.2&#8243; _module_preset=\u00bbdefault\u00bb header_font=\u00bb|800|||||||\u00bb background_color=\u00bb#12876f\u00bb header_text_shadow_style=\u00bbpreset1&#8243; global_colors_info=\u00bb{}\u00bb]<\/p>\n<p style=\"text-align: justify;\">\u201cConsolidar al Instituto de Tecnolog\u00eda de Alimentos como un centro de excelencia nacional en la generaci\u00f3n de conocimiento cient\u00edfico mediante la investigaci\u00f3n, desarrollo de nuevas tecnolog\u00eda y productos innovadores y la prestaci\u00f3n de servicios externos a la comunidad con resultados altamente confiables, fortaleciendo el emprendimiento regional y contribuyendo al desarrollo sostenible del pa\u00eds.\u201d<\/p>\n<p>[\/et_pb_cta][\/et_pb_column][\/et_pb_row][et_pb_row _builder_version=\u00bb4.22.2&#8243; _module_preset=\u00bbdefault\u00bb global_colors_info=\u00bb{}\u00bb][et_pb_column type=\u00bb4_4&#8243; _builder_version=\u00bb4.22.2&#8243; _module_preset=\u00bbdefault\u00bb global_colors_info=\u00bb{}\u00bb][et_pb_text _builder_version=\u00bb4.22.2&#8243; _module_preset=\u00bbdefault\u00bb text_text_color=\u00bb#FFFFFF\u00bb text_font_size=\u00bb18px\u00bb custom_margin=\u00bb10px||10px||true|false\u00bb custom_padding=\u00bb0px|15px|0px|15px|true|true\u00bb box_shadow_style=\u00bbpreset2&#8243; global_colors_info=\u00bb{}\u00bb]<\/p>\n<p style=\"text-align: justify;\"><i>\u201cSomos un equipo comprometido en lograr el m\u00e1ximo nivel de satisfacci\u00f3n de nuestros clientes a trav\u00e9s de la prestaci\u00f3n de servicios competitivos, \u00e9ticos y el desarrollo de proyectos de investigaci\u00f3n sostenibles, orientados al fomento y apoyo de iniciativas productivas, propendiendo institucionalmente por el mejoramiento continuo y c\u00edvicamente por el desarrollo de Chuquisaca y por ende de Bolivia\u201d.<\/i><\/p>\n<p>[\/et_pb_text][\/et_pb_column][\/et_pb_row][\/et_pb_section][et_pb_section fb_built=\u00bb1&#8243; fullwidth=\u00bbon\u00bb _builder_version=\u00bb4.21.0&#8243; _module_preset=\u00bbdefault\u00bb custom_padding=\u00bb0px||0px||true|false\u00bb global_colors_info=\u00bb{}\u00bb][et_pb_fullwidth_image src=\u00bbhttps:\/\/tecnologia.usfx.bo\/ita\/wp-content\/uploads\/2023\/06\/franja-1.png\u00bb title_text=\u00bbfranja\u00bb _builder_version=\u00bb4.21.0&#8243; _module_preset=\u00bbdefault\u00bb global_colors_info=\u00bb{}\u00bb][\/et_pb_fullwidth_image][\/et_pb_section]<\/p>\n","protected":false},"excerpt":{"rendered":"<p>INTRODUCCI\u00d3N El Instituto de Tecnolog\u00eda de Alimentos, ITA fue creado como una entidad sin fines de lucro, cuya personalidad jur\u00eddica fue reconocida por el Estado Boliviano mediante Resoluci\u00f3n Suprema N\u00b0 202973 del 25 de septiembre de 1987 con patrimonio propio y autonom\u00eda de gesti\u00f3n. El m\u00e1ximo \u00f3rgano de gobierno del Instituto es el Decano de [&hellip;]<\/p>\n","protected":false},"author":1,"featured_media":0,"parent":0,"menu_order":0,"comment_status":"closed","ping_status":"closed","template":"","meta":{"_et_pb_use_builder":"on","_et_pb_old_content":"","_et_gb_content_width":"","footnotes":""},"_links":{"self":[{"href":"https:\/\/tecnologia.usfx.bo\/ita\/wp-json\/wp\/v2\/pages\/184"}],"collection":[{"href":"https:\/\/tecnologia.usfx.bo\/ita\/wp-json\/wp\/v2\/pages"}],"about":[{"href":"https:\/\/tecnologia.usfx.bo\/ita\/wp-json\/wp\/v2\/types\/page"}],"author":[{"embeddable":true,"href":"https:\/\/tecnologia.usfx.bo\/ita\/wp-json\/wp\/v2\/users\/1"}],"replies":[{"embeddable":true,"href":"https:\/\/tecnologia.usfx.bo\/ita\/wp-json\/wp\/v2\/comments?post=184"}],"version-history":[{"count":18,"href":"https:\/\/tecnologia.usfx.bo\/ita\/wp-json\/wp\/v2\/pages\/184\/revisions"}],"predecessor-version":[{"id":603,"href":"https:\/\/tecnologia.usfx.bo\/ita\/wp-json\/wp\/v2\/pages\/184\/revisions\/603"}],"wp:attachment":[{"href":"https:\/\/tecnologia.usfx.bo\/ita\/wp-json\/wp\/v2\/media?parent=184"}],"curies":[{"name":"wp","href":"https:\/\/api.w.org\/{rel}","templated":true}]}}